[INFO] cloning repository https://github.com/justinmoon/spv
[INFO] running `Command { std: "git" "-c" "credential.helper=" "-c" "credential.helper=/workspace/cargo-home/bin/git-credential-null" "clone" "--bare" "https://github.com/justinmoon/spv" "/workspace/cache/git-repos/https%3A%2F%2Fgithub.com%2Fjustinmoon%2Fspv", kill_on_drop: false }`
[INFO] [stderr] Cloning into bare repository '/workspace/cache/git-repos/https%3A%2F%2Fgithub.com%2Fjustinmoon%2Fspv'...
[INFO] running `Command { std: "git" "rev-parse" "HEAD", kill_on_drop: false }`
[INFO] [stdout] 0031ace854117e644d377c8200f31e26d6ed7b70
[INFO] building justinmoon/spv against master#ff34b919075f35a1787659e9c448a34b06bab8de for issue-85264
[INFO] running `Command { std: "git" "clone" "/workspace/cache/git-repos/https%3A%2F%2Fgithub.com%2Fjustinmoon%2Fspv" "/workspace/builds/worker-10/source", kill_on_drop: false }`
[INFO] [stderr] Cloning into '/workspace/builds/worker-10/source'...
[INFO] [stderr] done.
[INFO] validating manifest of git repo https://github.com/justinmoon/spv on toolchain ff34b919075f35a1787659e9c448a34b06bab8de
[INFO] running `Command { std: "/workspace/cargo-home/bin/cargo" "+ff34b919075f35a1787659e9c448a34b06bab8de" "metadata" "--manifest-path" "Cargo.toml" "--no-deps", kill_on_drop: false }`
[INFO] started tweaking git repo https://github.com/justinmoon/spv
[INFO] finished tweaking git repo https://github.com/justinmoon/spv
[INFO] tweaked toml for git repo https://github.com/justinmoon/spv written to /workspace/builds/worker-10/source/Cargo.toml
[INFO] crate git repo https://github.com/justinmoon/spv already has a lockfile, it will not be regenerated
[INFO] running `Command { std: "/workspace/cargo-home/bin/cargo" "+ff34b919075f35a1787659e9c448a34b06bab8de" "fetch" "--manifest-path" "Cargo.toml", kill_on_drop: false }`
[INFO] running `Command { std: "docker" "create" "-v" "/var/lib/crater-agent-workspace/builds/worker-10/target:/opt/rustwide/target:rw,Z" "-v" "/var/lib/crater-agent-workspace/builds/worker-10/source:/opt/rustwide/workdir:ro,Z" "-v" "/var/lib/crater-agent-workspace/cargo-home:/opt/rustwide/cargo-home:ro,Z" "-v" "/var/lib/crater-agent-workspace/rustup-home:/opt/rustwide/rustup-home:ro,Z" "-e" "SOURCE_DIR=/opt/rustwide/workdir" "-e" "CARGO_TARGET_DIR=/opt/rustwide/target" "-e" "CARGO_HOME=/opt/rustwide/cargo-home" "-e" "RUSTUP_HOME=/opt/rustwide/rustup-home" "-w" "/opt/rustwide/workdir" "-m" "1610612736" "--user" "0:0" "--network" "none" "ghcr.io/rust-lang/crates-build-env/linux@sha256:20528e8c29e4536546f0102ce88568b16ea7538393a33fcca951030f7af10457" "/opt/rustwide/cargo-home/bin/cargo" "+ff34b919075f35a1787659e9c448a34b06bab8de" "metadata" "--no-deps" "--format-version=1", kill_on_drop: false }`
[INFO] [stdout] f02e6a8d8e3e16018c4f0d36e99d9d19440107fa0ac806498706edd78b73d45d
[INFO] [stderr] WARNING: Your kernel does not support swap limit capabilities or the cgroup is not mounted. Memory limited without swap.
[INFO] running `Command { std: "docker" "start" "-a" "f02e6a8d8e3e16018c4f0d36e99d9d19440107fa0ac806498706edd78b73d45d", kill_on_drop: false }`
[INFO] running `Command { std: "docker" "inspect" "f02e6a8d8e3e16018c4f0d36e99d9d19440107fa0ac806498706edd78b73d45d", kill_on_drop: false }`
[INFO] running `Command { std: "docker" "rm" "-f" "f02e6a8d8e3e16018c4f0d36e99d9d19440107fa0ac806498706edd78b73d45d", kill_on_drop: false }`
[INFO] [stdout] f02e6a8d8e3e16018c4f0d36e99d9d19440107fa0ac806498706edd78b73d45d
[INFO] running `Command { std: "docker" "create" "-v" "/var/lib/crater-agent-workspace/builds/worker-10/target:/opt/rustwide/target:rw,Z" "-v" "/var/lib/crater-agent-workspace/builds/worker-10/source:/opt/rustwide/workdir:ro,Z" "-v" "/var/lib/crater-agent-workspace/cargo-home:/opt/rustwide/cargo-home:ro,Z" "-v" "/var/lib/crater-agent-workspace/rustup-home:/opt/rustwide/rustup-home:ro,Z" "-e" "SOURCE_DIR=/opt/rustwide/workdir" "-e" "CARGO_TARGET_DIR=/opt/rustwide/target" "-e" "CARGO_INCREMENTAL=0" "-e" "RUST_BACKTRACE=full" "-e" "RUSTFLAGS=--cap-lints=forbid" "-e" "CARGO_HOME=/opt/rustwide/cargo-home" "-e" "RUSTUP_HOME=/opt/rustwide/rustup-home" "-w" "/opt/rustwide/workdir" "-m" "1610612736" "--user" "0:0" "--network" "none" "ghcr.io/rust-lang/crates-build-env/linux@sha256:20528e8c29e4536546f0102ce88568b16ea7538393a33fcca951030f7af10457" "/opt/rustwide/cargo-home/bin/cargo" "+ff34b919075f35a1787659e9c448a34b06bab8de" "build" "--frozen" "--message-format=json", kill_on_drop: false }`
[INFO] [stderr] WARNING: Your kernel does not support swap limit capabilities or the cgroup is not mounted. Memory limited without swap.
[INFO] [stdout] 98e027e109f22edb3ff0cf541c046c88a5e4651e70ca7c9522fc2da4678dc815
[INFO] running `Command { std: "docker" "start" "-a" "98e027e109f22edb3ff0cf541c046c88a5e4651e70ca7c9522fc2da4678dc815", kill_on_drop: false }`
[INFO] [stderr]    Compiling cfg-if v0.1.10
[INFO] [stderr]    Compiling unicode-xid v0.2.1
[INFO] [stderr]    Compiling syn v1.0.33
[INFO] [stderr]    Compiling serde v1.0.114
[INFO] [stderr]    Compiling byteorder v1.3.4
[INFO] [stderr]    Compiling scopeguard v1.1.0
[INFO] [stderr]    Compiling log v0.4.8
[INFO] [stderr]    Compiling lazy_static v1.4.0
[INFO] [stderr]    Compiling rustc-demangle v0.1.16
[INFO] [stderr]    Compiling itoa v0.4.6
[INFO] [stderr]    Compiling bech32 v0.7.2
[INFO] [stderr]    Compiling memoffset v0.5.4
[INFO] [stderr]    Compiling crossbeam-utils v0.7.2
[INFO] [stderr]    Compiling crossbeam-epoch v0.8.2
[INFO] [stderr]    Compiling fs2 v0.4.3
[INFO] [stderr]    Compiling getrandom v0.1.14
[INFO] [stderr]    Compiling parking_lot_core v0.7.2
[INFO] [stderr]    Compiling crc32fast v1.2.0
[INFO] [stderr]    Compiling lock_api v0.3.4
[INFO] [stderr]    Compiling proc-macro2 v1.0.18
[INFO] [stderr]    Compiling rand_core v0.5.1
[INFO] [stderr]    Compiling backtrace v0.3.49
[INFO] [stderr]    Compiling parking_lot v0.10.2
[INFO] [stderr]    Compiling rand_chacha v0.2.2
[INFO] [stderr]    Compiling quote v1.0.7
[INFO] [stderr]    Compiling rand v0.7.3
[INFO] [stderr]    Compiling fxhash v0.2.1
[INFO] [stderr]    Compiling sled v0.32.0
[INFO] [stderr]    Compiling serde_derive v1.0.114
[INFO] [stderr]    Compiling secp256k1 v0.17.2
[INFO] [stderr]    Compiling bitcoin_hashes v0.7.6
[INFO] [stderr]    Compiling serde_json v1.0.56
[INFO] [stderr]    Compiling bitcoin v0.23.0
[INFO] [stderr]    Compiling spv v0.1.0 (/opt/rustwide/workdir)
[INFO] [stdout] warning: unused variable: `address`
[INFO] [stdout]    --> src/main.rs:462:9
[INFO] [stdout]     |
[INFO] [stdout] 462 |     let address = Address::from_str("bcrt1qs0wzcfx0ltany6gq43ds3w88kcuxu4umxdrx5u").unwrap();
[INFO] [stdout]     |         ^^^^^^^ help: if this is intentional, prefix it with an underscore: `_address`
[INFO] [stdout]     |
[INFO] [stdout]     = note: `#[warn(unused_variables)]` on by default
[INFO] [stdout] 
[INFO] [stdout] 
[INFO] [stdout] warning: unused variable: `network`
[INFO] [stdout]    --> src/main.rs:463:9
[INFO] [stdout]     |
[INFO] [stdout] 463 |     let network = Network::Bitcoin;
[INFO] [stdout]     |         ^^^^^^^ help: if this is intentional, prefix it with an underscore: `_network`
[INFO] [stdout] 
[INFO] [stdout] 
[INFO] [stdout] warning: unused variable: `network`
[INFO] [stdout]    --> src/main.rs:464:9
[INFO] [stdout]     |
[INFO] [stdout] 464 |     let network = Network::Regtest;
[INFO] [stdout]     |         ^^^^^^^ help: if this is intentional, prefix it with an underscore: `_network`
[INFO] [stdout] 
[INFO] [stdout] 
[INFO] [stdout] warning: 3 warnings emitted
[INFO] [stdout] 
[INFO] [stdout] 
[INFO] [stderr]     Finished dev [unoptimized + debuginfo] target(s) in 1m 21s
[INFO] running `Command { std: "docker" "inspect" "98e027e109f22edb3ff0cf541c046c88a5e4651e70ca7c9522fc2da4678dc815", kill_on_drop: false }`
[INFO] running `Command { std: "docker" "rm" "-f" "98e027e109f22edb3ff0cf541c046c88a5e4651e70ca7c9522fc2da4678dc815", kill_on_drop: false }`
[INFO] [stdout] 98e027e109f22edb3ff0cf541c046c88a5e4651e70ca7c9522fc2da4678dc815
[INFO] running `Command { std: "docker" "create" "-v" "/var/lib/crater-agent-workspace/builds/worker-10/target:/opt/rustwide/target:rw,Z" "-v" "/var/lib/crater-agent-workspace/builds/worker-10/source:/opt/rustwide/workdir:ro,Z" "-v" "/var/lib/crater-agent-workspace/cargo-home:/opt/rustwide/cargo-home:ro,Z" "-v" "/var/lib/crater-agent-workspace/rustup-home:/opt/rustwide/rustup-home:ro,Z" "-e" "SOURCE_DIR=/opt/rustwide/workdir" "-e" "CARGO_TARGET_DIR=/opt/rustwide/target" "-e" "CARGO_INCREMENTAL=0" "-e" "RUST_BACKTRACE=full" "-e" "RUSTFLAGS=--cap-lints=forbid" "-e" "CARGO_HOME=/opt/rustwide/cargo-home" "-e" "RUSTUP_HOME=/opt/rustwide/rustup-home" "-w" "/opt/rustwide/workdir" "-m" "1610612736" "--user" "0:0" "--network" "none" "ghcr.io/rust-lang/crates-build-env/linux@sha256:20528e8c29e4536546f0102ce88568b16ea7538393a33fcca951030f7af10457" "/opt/rustwide/cargo-home/bin/cargo" "+ff34b919075f35a1787659e9c448a34b06bab8de" "test" "--frozen" "--no-run" "--message-format=json", kill_on_drop: false }`
[INFO] [stdout] 4f44f6e8b77b8f1a692e510a610baf47412e8c24fbe32f4719801758fc76c9cf
[INFO] [stderr] WARNING: Your kernel does not support swap limit capabilities or the cgroup is not mounted. Memory limited without swap.
[INFO] running `Command { std: "docker" "start" "-a" "4f44f6e8b77b8f1a692e510a610baf47412e8c24fbe32f4719801758fc76c9cf", kill_on_drop: false }`
[INFO] [stderr]    Compiling spv v0.1.0 (/opt/rustwide/workdir)
[INFO] [stdout] error[E0432]: unresolved import `crate::descriptor`
[INFO] [stdout]    --> src/main.rs:552:16
[INFO] [stdout]     |
[INFO] [stdout] 552 |     use crate::descriptor::*;
[INFO] [stdout]     |                ^^^^^^^^^^ could not find `descriptor` in the crate root
[INFO] [stdout] 
[INFO] [stdout] 
[INFO] [stdout] error[E0432]: unresolved imports `crate::sled`, `crate::Wallet`
[INFO] [stdout]    --> src/main.rs:553:17
[INFO] [stdout]     |
[INFO] [stdout] 553 |     use crate::{sled, Wallet};
[INFO] [stdout]     |                 ^^^^  ^^^^^^ no `Wallet` in the root
[INFO] [stdout]     |                 |
[INFO] [stdout]     |                 no `sled` in the root
[INFO] [stdout] 
[INFO] [stdout] 
[INFO] [stdout] error[E0432]: unresolved import `bitcoincore_rpc`
[INFO] [stdout]    --> src/main.rs:556:9
[INFO] [stdout]     |
[INFO] [stdout] 556 |     use bitcoincore_rpc::{Auth, Client};
[INFO] [stdout]     |         ^^^^^^^^^^^^^^^ use of undeclared crate or module `bitcoincore_rpc`
[INFO] [stdout] 
[INFO] [stdout] 
[INFO] [stdout] error[E0432]: unresolved import `dirs`
[INFO] [stdout]    --> src/main.rs:557:9
[INFO] [stdout]     |
[INFO] [stdout] 557 |     use dirs::home_dir;
[INFO] [stdout]     |         ^^^^ use of undeclared crate or module `dirs`
[INFO] [stdout] 
[INFO] [stdout] 
[INFO] [stdout] error[E0433]: failed to resolve: use of undeclared type `ExtendedDescriptor`
[INFO] [stdout]    --> src/main.rs:608:24
[INFO] [stdout]     |
[INFO] [stdout] 608 |         let extended = ExtendedDescriptor::from_str(&desc_ext).unwrap();
[INFO] [stdout]     |                        ^^^^^^^^^^^^^^^^^^ use of undeclared type `ExtendedDescriptor`
[INFO] [stdout] 
[INFO] [stdout] 
[INFO] [stdout] error[E0425]: cannot find value `tree` in this scope
[INFO] [stdout]    --> src/main.rs:628:13
[INFO] [stdout]     |
[INFO] [stdout] 628 |             tree.clone(),
[INFO] [stdout]     |             ^^^^ not found in this scope
[INFO] [stdout] 
[INFO] [stdout] 
[INFO] [stdout] error[E0425]: cannot find value `blockchain` in this scope
[INFO] [stdout]    --> src/main.rs:629:13
[INFO] [stdout]     |
[INFO] [stdout] 629 |             blockchain,
[INFO] [stdout]     |             ^^^^^^^^^^ not found in this scope
[INFO] [stdout] 
[INFO] [stdout] 
[INFO] [stdout] error[E0425]: cannot find value `tree` in this scope
[INFO] [stdout]    --> src/main.rs:676:17
[INFO] [stdout]     |
[INFO] [stdout] 676 |                 tree.get_previous_output(&i.previous_output)
[INFO] [stdout]     |                 ^^^^ not found in this scope
[INFO] [stdout] 
[INFO] [stdout] 
[INFO] [stdout] error[E0728]: `await` is only allowed inside `async` functions and blocks
[INFO] [stdout]    --> src/main.rs:624:22
[INFO] [stdout]     |
[INFO] [stdout] 579 |       fn test_rpc_sync() {
[INFO] [stdout]     |          ------------- this is not `async`
[INFO] [stdout] ...
[INFO] [stdout] 624 |           let wallet = Wallet::new(
[INFO] [stdout]     |  ______________________^
[INFO] [stdout] 625 | |             &desc_ext,
[INFO] [stdout] 626 | |             Some(&desc_int),
[INFO] [stdout] 627 | |             Network::Regtest,
[INFO] [stdout] ...   |
[INFO] [stdout] 630 | |         )
[INFO] [stdout] 631 | |         .await
[INFO] [stdout]     | |______________^ only allowed inside `async` functions and blocks
[INFO] [stdout] 
[INFO] [stdout] 
[INFO] [stdout] error[E0728]: `await` is only allowed inside `async` functions and blocks
[INFO] [stdout]    --> src/main.rs:633:9
[INFO] [stdout]     |
[INFO] [stdout] 579 |     fn test_rpc_sync() {
[INFO] [stdout]     |        ------------- this is not `async`
[INFO] [stdout] ...
[INFO] [stdout] 633 |         wallet.sync(None, None).await.unwrap();
[INFO] [stdout]     |         ^^^^^^^^^^^^^^^^^^^^^^^^^^^^^ only allowed inside `async` functions and blocks
[INFO] [stdout] 
[INFO] [stdout] 
[INFO] [stdout] error[E0728]: `await` is only allowed inside `async` functions and blocks
[INFO] [stdout]    --> src/main.rs:662:9
[INFO] [stdout]     |
[INFO] [stdout] 579 |     fn test_rpc_sync() {
[INFO] [stdout]     |        ------------- this is not `async`
[INFO] [stdout] ...
[INFO] [stdout] 662 |         wallet.broadcast(tx.clone()).await.unwrap();
[INFO] [stdout]     |         ^^^^^^^^^^^^^^^^^^^^^^^^^^^^^^^^^^ only allowed inside `async` functions and blocks
[INFO] [stdout] 
[INFO] [stdout] 
[INFO] [stdout] error[E0728]: `await` is only allowed inside `async` functions and blocks
[INFO] [stdout]    --> src/main.rs:666:9
[INFO] [stdout]     |
[INFO] [stdout] 579 |     fn test_rpc_sync() {
[INFO] [stdout]     |        ------------- this is not `async`
[INFO] [stdout] ...
[INFO] [stdout] 666 |         wallet.sync(None, None).await.unwrap();
[INFO] [stdout]     |         ^^^^^^^^^^^^^^^^^^^^^^^^^^^^^ only allowed inside `async` functions and blocks
[INFO] [stdout] 
[INFO] [stdout] 
[INFO] [stdout] warning: unused import: `super::*`
[INFO] [stdout]    --> src/main.rs:551:9
[INFO] [stdout]     |
[INFO] [stdout] 551 |     use super::*;
[INFO] [stdout]     |         ^^^^^^^^
[INFO] [stdout]     |
[INFO] [stdout]     = note: `#[warn(unused_imports)]` on by default
[INFO] [stdout] 
[INFO] [stdout] 
[INFO] [stdout] warning: unused import: `std::str::FromStr`
[INFO] [stdout]    --> src/main.rs:559:9
[INFO] [stdout]     |
[INFO] [stdout] 559 |     use std::str::FromStr;
[INFO] [stdout]     |         ^^^^^^^^^^^^^^^^^
[INFO] [stdout] 
[INFO] [stdout] 
[INFO] [stdout] error[E0061]: this function takes 3 arguments but 2 arguments were supplied
[INFO] [stdout]    --> src/main.rs:512:19
[INFO] [stdout]     |
[INFO] [stdout] 512 |         let spv = Spv::new(Network::Regtest, address);
[INFO] [stdout]     |                   ^^^^^^^^ ----------------  ------- supplied 2 arguments
[INFO] [stdout]     |                   |
[INFO] [stdout]     |                   expected 3 arguments
[INFO] [stdout]     |
[INFO] [stdout] note: associated function defined here
[INFO] [stdout]    --> src/main.rs:97:12
[INFO] [stdout]     |
[INFO] [stdout] 97  |     pub fn new(network: Network, peer: SocketAddr, address: Address) -> Self {
[INFO] [stdout]     |            ^^^ ----------------  ----------------  ----------------
[INFO] [stdout] 
[INFO] [stdout] 
[INFO] [stdout] error: aborting due to 13 previous errors; 2 warnings emitted
[INFO] [stdout] 
[INFO] [stdout] 
[INFO] [stdout] Some errors have detailed explanations: E0061, E0425, E0432, E0433, E0728.
[INFO] [stdout] 
[INFO] [stdout] For more information about an error, try `rustc --explain E0061`.
[INFO] [stdout] 
[INFO] [stderr] error: could not compile `spv`
[INFO] [stderr] 
[INFO] [stderr] To learn more, run the command again with --verbose.
[INFO] running `Command { std: "docker" "inspect" "4f44f6e8b77b8f1a692e510a610baf47412e8c24fbe32f4719801758fc76c9cf", kill_on_drop: false }`
[INFO] running `Command { std: "docker" "rm" "-f" "4f44f6e8b77b8f1a692e510a610baf47412e8c24fbe32f4719801758fc76c9cf", kill_on_drop: false }`
[INFO] [stdout] 4f44f6e8b77b8f1a692e510a610baf47412e8c24fbe32f4719801758fc76c9cf
